{"id":52,"date":"2021-04-14T09:57:27","date_gmt":"2021-04-14T07:57:27","guid":{"rendered":"http:\/\/lecarrefour-restaurant.fr\/?page_id=52"},"modified":"2021-07-30T19:05:19","modified_gmt":"2021-07-30T17:05:19","slug":"a-propos-du-restaurant-le-carrefour-a-courbevoie","status":"publish","type":"page","link":"https:\/\/lecarrefour-restaurant.fr\/?page_id=52","title":{"rendered":"\u00c0 propos"},"content":{"rendered":"\n<div class=\"wp-block-media-text alignwide is-stacked-on-mobile\" style=\"grid-template-columns:36% auto\"><figure class=\"wp-block-media-text__media\"><img loading=\"lazy\" width=\"2560\" height=\"2122\" src=\"http:\/\/lecarrefour-restaurant.fr\/wp-content\/uploads\/2021\/07\/IMG_6603-1-scaled.jpg\" alt=\"\" class=\"wp-image-304 size-full\" srcset=\"https:\/\/lecarrefour-restaurant.fr\/wp-content\/uploads\/2021\/07\/IMG_6603-1-scaled.jpg 2560w, https:\/\/lecarrefour-restaurant.fr\/wp-content\/uploads\/2021\/07\/IMG_6603-1-300x249.jpg 300w, https:\/\/lecarrefour-restaurant.fr\/wp-content\/uploads\/2021\/07\/IMG_6603-1-1024x849.jpg 1024w, https:\/\/lecarrefour-restaurant.fr\/wp-content\/uploads\/2021\/07\/IMG_6603-1-768x637.jpg 768w, https:\/\/lecarrefour-restaurant.fr\/wp-content\/uploads\/2021\/07\/IMG_6603-1-1536x1273.jpg 1536w, https:\/\/lecarrefour-restaurant.fr\/wp-content\/uploads\/2021\/07\/IMG_6603-1-2048x1698.jpg 2048w, https:\/\/lecarrefour-restaurant.fr\/wp-content\/uploads\/2021\/07\/IMG_6603-1-1200x995.jpg 1200w, https:\/\/lecarrefour-restaurant.fr\/wp-content\/uploads\/2021\/07\/IMG_6603-1-1980x1641.jpg 1980w\" sizes=\"(max-width: 2560px) 100vw, 2560px\" \/><\/figure><div class=\"wp-block-media-text__content\">\n<p class=\"has-larger-font-size\"><strong>BRASSERIE DE QUARTIER AU CALME<\/strong><\/p>\n\n\n\n<p class=\"has-normal-font-size\">Situ\u00e9e au carrefour de l\u2019avenue de la R\u00e9publique et de la rue de Colombes \u00e0 Courbevoie, <strong>la Brasserie Le Carrefour<\/strong> vous accueille depuis 2015.              Nous vous recevons <strong>de 8h \u00e0 21h<\/strong> avec plaisir et convivialit\u00e9 parmi notre client\u00e8le fid\u00e8le de r\u00e9sidents et bureaux du quartier, en retrait de l&#8217;agitation. <\/p>\n\n\n\n<p class=\"has-normal-font-size\">&#8211; 5 min du Centre \u00e9v\u00e9nementiel et du Stade de Courbevoie<\/p>\n\n\n\n<p class=\"has-normal-font-size\">&#8211; 3 min du rond-point de l\u2019Europe (la Garenne Colombes)<\/p>\n<\/div><\/div>\n\n\n\n<div class=\"wp-block-media-text alignwide has-media-on-the-right is-stacked-on-mobile\" style=\"grid-template-columns:auto 47%\"><figure class=\"wp-block-media-text__media\"><img loading=\"lazy\" width=\"1024\" height=\"682\" src=\"http:\/\/lecarrefour-restaurant.fr\/wp-content\/uploads\/2021\/07\/blanquette-1024x682.jpg\" alt=\"\" class=\"wp-image-319 size-full\" srcset=\"https:\/\/lecarrefour-restaurant.fr\/wp-content\/uploads\/2021\/07\/blanquette-1024x682.jpg 1024w, https:\/\/lecarrefour-restaurant.fr\/wp-content\/uploads\/2021\/07\/blanquette-300x200.jpg 300w, https:\/\/lecarrefour-restaurant.fr\/wp-content\/uploads\/2021\/07\/blanquette-768x512.jpg 768w, https:\/\/lecarrefour-restaurant.fr\/wp-content\/uploads\/2021\/07\/blanquette.jpg 1124w\" sizes=\"(max-width: 1024px) 100vw, 1024px\" \/><\/figure><div class=\"wp-block-media-text__content\">\n<p class=\"has-larger-font-size\"><strong>CUISINE TRADITIONNELLE, FAITE MAISON<\/strong><\/p>\n\n\n\n<p>Attablez-vous et choisissez parmi nos <strong>trois g\u00e9n\u00e9reux plats du jours<\/strong>, nos pi\u00e8ces du boucher, belles salades et omelettes. <\/p>\n\n\n\n<p>Accompagnez votre repas de nos <strong>fromages et vins AOC<\/strong>, et laissez-vous tenter par nos <strong>desserts gourmands maison<\/strong> (parmi la tarte du jour ou les \u00ab&nbsp;classiques brasserie&nbsp;\u00bb mousse au chocolat, cr\u00e8me caramel\u2026notre tiramisu est \u00e0 tomber par terre&nbsp;!).<\/p>\n<\/div><\/div>\n\n\n\n<figure class=\"wp-block-image size-large is-style-default\"><img loading=\"lazy\" width=\"1024\" height=\"493\" src=\"http:\/\/lecarrefour-restaurant.fr\/wp-content\/uploads\/2021\/07\/MEA-Formules-2-1024x493.png\" alt=\"\" class=\"wp-image-332\" srcset=\"https:\/\/lecarrefour-restaurant.fr\/wp-content\/uploads\/2021\/07\/MEA-Formules-2-1024x493.png 1024w, https:\/\/lecarrefour-restaurant.fr\/wp-content\/uploads\/2021\/07\/MEA-Formules-2-300x144.png 300w, https:\/\/lecarrefour-restaurant.fr\/wp-content\/uploads\/2021\/07\/MEA-Formules-2-768x370.png 768w, https:\/\/lecarrefour-restaurant.fr\/wp-content\/uploads\/2021\/07\/MEA-Formules-2-1200x578.png 1200w, https:\/\/lecarrefour-restaurant.fr\/wp-content\/uploads\/2021\/07\/MEA-Formules-2.png 1350w\" sizes=\"(max-width: 1024px) 100vw, 1024px\" \/><\/figure>\n\n\n\n<div class=\"wp-block-media-text alignwide is-stacked-on-mobile\" style=\"grid-template-columns:41% auto\"><figure class=\"wp-block-media-text__media\"><img loading=\"lazy\" width=\"1024\" height=\"493\" src=\"http:\/\/lecarrefour-restaurant.fr\/wp-content\/uploads\/2021\/07\/coffee-wine-1024x493.png\" alt=\"\" class=\"wp-image-327 size-full\" srcset=\"https:\/\/lecarrefour-restaurant.fr\/wp-content\/uploads\/2021\/07\/coffee-wine-1024x493.png 1024w, https:\/\/lecarrefour-restaurant.fr\/wp-content\/uploads\/2021\/07\/coffee-wine-300x144.png 300w, https:\/\/lecarrefour-restaurant.fr\/wp-content\/uploads\/2021\/07\/coffee-wine-768x370.png 768w, https:\/\/lecarrefour-restaurant.fr\/wp-content\/uploads\/2021\/07\/coffee-wine-1200x578.png 1200w, https:\/\/lecarrefour-restaurant.fr\/wp-content\/uploads\/2021\/07\/coffee-wine.png 1350w\" sizes=\"(max-width: 1024px) 100vw, 1024px\" \/><\/figure><div class=\"wp-block-media-text__content\">\n<p class=\"has-larger-font-size\"><strong>CAF\u00c9-BAR. TOUJOURS EN CONVIVIALIT\u00c9<\/strong>.<\/p>\n\n\n\n<p>En salle et en terrasse, profitez du large choix parmi nos boissons chaudes, vins, ap\u00e9ritifs et spiritueux. Service \u00e0 toute heure de 8h \u00e0 21h.<\/p>\n<\/div><\/div>\n\n\n\n<iframe src=\"https:\/\/www.google.com\/maps\/embed?pb=!1m14!1m8!1m3!1d10490.610930679619!2d2.2558476!3d48.902955!3m2!1i1024!2i768!4f13.1!3m3!1m2!1s0x0%3A0x3728c8ff834e960c!2sLe%20Carrefour!5e0!3m2!1sfr!2sfr!4v1627652496480!5m2!1sfr!2sfr\" style=\"border:0;\" allowfullscreen=\"\" loading=\"lazy\" width=\"600\" height=\"450\"><\/iframe>\n\n\n\n<p><\/p>\n","protected":false},"excerpt":{"rendered":"<p>BRASSERIE DE QUARTIER AU CALME Situ\u00e9e au carrefour de l\u2019avenue de la R\u00e9publique et de la rue de Colombes \u00e0 Courbevoie, la Brasserie Le Carrefour vous accueille depuis 2015. Nous vous recevons de 8h \u00e0 21h avec plaisir et convivialit\u00e9 parmi notre client\u00e8le fid\u00e8le de r\u00e9sidents et bureaux du quartier, en retrait de l&#8217;agitation. &#8211; [&hellip;]<\/p>\n","protected":false},"author":1,"featured_media":0,"parent":0,"menu_order":0,"comment_status":"closed","ping_status":"closed","template":"","meta":[],"yoast_head":"<!-- This site is optimized with the Yoast SEO plugin v16.8 - https:\/\/yoast.com\/wordpress\/plugins\/seo\/ -->\n<title>\u00c0 propos - Le Carrefour restaurant<\/title>\n<meta name=\"description\" content=\"Une cuisine faite maison, un restaurant tr\u00e8s convivial ou on y mange tr\u00e8s bien. Une formule midi \u00e0 ne pas rater, rendez-vous au Carrefour\" \/>\n<meta name=\"robots\" content=\"index, follow, max-snippet:-1, max-image-preview:large, max-video-preview:-1\" \/>\n<link rel=\"canonical\" href=\"https:\/\/lecarrefour-restaurant.fr\/?page_id=52\" \/>\n<meta property=\"og:locale\" content=\"en_US\" \/>\n<meta property=\"og:type\" content=\"article\" \/>\n<meta property=\"og:title\" content=\"A propos du restaurant Le Carrefour \u00e0 Courbevoie\" \/>\n<meta property=\"og:description\" content=\"Une cuisine faite maison, un restaurant tr\u00e8s convivial ou on y mange tr\u00e8s bien. Une formule midi \u00e0 ne pas rater, rendez-vous au Carrefour\" \/>\n<meta property=\"og:url\" content=\"https:\/\/lecarrefour-restaurant.fr\/?page_id=52\" \/>\n<meta property=\"og:site_name\" content=\"Le Carrefour restaurant\" \/>\n<meta property=\"article:modified_time\" content=\"2021-07-30T17:05:19+00:00\" \/>\n<meta property=\"og:image\" content=\"http:\/\/lecarrefour-restaurant.fr\/wp-content\/uploads\/2021\/07\/IMG_6603-1-scaled.jpg\" \/>\n<meta name=\"twitter:card\" content=\"summary_large_image\" \/>\n<meta name=\"twitter:label1\" content=\"Est. reading time\" \/>\n\t<meta name=\"twitter:data1\" content=\"2 minutes\" \/>\n<script type=\"application\/ld+json\" class=\"yoast-schema-graph\">{\"@context\":\"https:\/\/schema.org\",\"@graph\":[{\"@type\":\"WebSite\",\"@id\":\"https:\/\/lecarrefour-restaurant.fr\/#website\",\"url\":\"https:\/\/lecarrefour-restaurant.fr\/\",\"name\":\"Le Carrefour restaurant\",\"description\":\"91 rue de Colombes - 92400 Courbevoie - 01.40.88.35.84\",\"potentialAction\":[{\"@type\":\"SearchAction\",\"target\":{\"@type\":\"EntryPoint\",\"urlTemplate\":\"https:\/\/lecarrefour-restaurant.fr\/?s={search_term_string}\"},\"query-input\":\"required name=search_term_string\"}],\"inLanguage\":\"en-US\"},{\"@type\":\"ImageObject\",\"@id\":\"https:\/\/lecarrefour-restaurant.fr\/?page_id=52#primaryimage\",\"inLanguage\":\"en-US\",\"url\":\"http:\/\/lecarrefour-restaurant.fr\/wp-content\/uploads\/2021\/07\/IMG_6603-1-scaled.jpg\",\"contentUrl\":\"http:\/\/lecarrefour-restaurant.fr\/wp-content\/uploads\/2021\/07\/IMG_6603-1-scaled.jpg\"},{\"@type\":\"WebPage\",\"@id\":\"https:\/\/lecarrefour-restaurant.fr\/?page_id=52#webpage\",\"url\":\"https:\/\/lecarrefour-restaurant.fr\/?page_id=52\",\"name\":\"\\u00c0 propos - Le Carrefour restaurant\",\"isPartOf\":{\"@id\":\"https:\/\/lecarrefour-restaurant.fr\/#website\"},\"primaryImageOfPage\":{\"@id\":\"https:\/\/lecarrefour-restaurant.fr\/?page_id=52#primaryimage\"},\"datePublished\":\"2021-04-14T07:57:27+00:00\",\"dateModified\":\"2021-07-30T17:05:19+00:00\",\"description\":\"Une cuisine faite maison, un restaurant tr\\u00e8s convivial ou on y mange tr\\u00e8s bien. Une formule midi \\u00e0 ne pas rater, rendez-vous au Carrefour\",\"breadcrumb\":{\"@id\":\"https:\/\/lecarrefour-restaurant.fr\/?page_id=52#breadcrumb\"},\"inLanguage\":\"en-US\",\"potentialAction\":[{\"@type\":\"ReadAction\",\"target\":[\"https:\/\/lecarrefour-restaurant.fr\/?page_id=52\"]}]},{\"@type\":\"BreadcrumbList\",\"@id\":\"https:\/\/lecarrefour-restaurant.fr\/?page_id=52#breadcrumb\",\"itemListElement\":[{\"@type\":\"ListItem\",\"position\":1,\"name\":\"Home\",\"item\":\"https:\/\/lecarrefour-restaurant.fr\/\"},{\"@type\":\"ListItem\",\"position\":2,\"name\":\"\\u00c0 propos\"}]}]}<\/script>\n<!-- \/ Yoast SEO plugin. -->","yoast_head_json":{"title":"\u00c0 propos - Le Carrefour restaurant","description":"Une cuisine faite maison, un restaurant tr\u00e8s convivial ou on y mange tr\u00e8s bien. Une formule midi \u00e0 ne pas rater, rendez-vous au Carrefour","robots":{"index":"index","follow":"follow","max-snippet":"max-snippet:-1","max-image-preview":"max-image-preview:large","max-video-preview":"max-video-preview:-1"},"canonical":"https:\/\/lecarrefour-restaurant.fr\/?page_id=52","og_locale":"en_US","og_type":"article","og_title":"A propos du restaurant Le Carrefour \u00e0 Courbevoie","og_description":"Une cuisine faite maison, un restaurant tr\u00e8s convivial ou on y mange tr\u00e8s bien. Une formule midi \u00e0 ne pas rater, rendez-vous au Carrefour","og_url":"https:\/\/lecarrefour-restaurant.fr\/?page_id=52","og_site_name":"Le Carrefour restaurant","article_modified_time":"2021-07-30T17:05:19+00:00","og_image":[{"url":"http:\/\/lecarrefour-restaurant.fr\/wp-content\/uploads\/2021\/07\/IMG_6603-1-scaled.jpg"}],"twitter_card":"summary_large_image","twitter_misc":{"Est. reading time":"2 minutes"},"schema":{"@context":"https:\/\/schema.org","@graph":[{"@type":"WebSite","@id":"https:\/\/lecarrefour-restaurant.fr\/#website","url":"https:\/\/lecarrefour-restaurant.fr\/","name":"Le Carrefour restaurant","description":"91 rue de Colombes - 92400 Courbevoie - 01.40.88.35.84","potentialAction":[{"@type":"SearchAction","target":{"@type":"EntryPoint","urlTemplate":"https:\/\/lecarrefour-restaurant.fr\/?s={search_term_string}"},"query-input":"required name=search_term_string"}],"inLanguage":"en-US"},{"@type":"ImageObject","@id":"https:\/\/lecarrefour-restaurant.fr\/?page_id=52#primaryimage","inLanguage":"en-US","url":"http:\/\/lecarrefour-restaurant.fr\/wp-content\/uploads\/2021\/07\/IMG_6603-1-scaled.jpg","contentUrl":"http:\/\/lecarrefour-restaurant.fr\/wp-content\/uploads\/2021\/07\/IMG_6603-1-scaled.jpg"},{"@type":"WebPage","@id":"https:\/\/lecarrefour-restaurant.fr\/?page_id=52#webpage","url":"https:\/\/lecarrefour-restaurant.fr\/?page_id=52","name":"\u00c0 propos - Le Carrefour restaurant","isPartOf":{"@id":"https:\/\/lecarrefour-restaurant.fr\/#website"},"primaryImageOfPage":{"@id":"https:\/\/lecarrefour-restaurant.fr\/?page_id=52#primaryimage"},"datePublished":"2021-04-14T07:57:27+00:00","dateModified":"2021-07-30T17:05:19+00:00","description":"Une cuisine faite maison, un restaurant tr\u00e8s convivial ou on y mange tr\u00e8s bien. Une formule midi \u00e0 ne pas rater, rendez-vous au Carrefour","breadcrumb":{"@id":"https:\/\/lecarrefour-restaurant.fr\/?page_id=52#breadcrumb"},"inLanguage":"en-US","potentialAction":[{"@type":"ReadAction","target":["https:\/\/lecarrefour-restaurant.fr\/?page_id=52"]}]},{"@type":"BreadcrumbList","@id":"https:\/\/lecarrefour-restaurant.fr\/?page_id=52#breadcrumb","itemListElement":[{"@type":"ListItem","position":1,"name":"Home","item":"https:\/\/lecarrefour-restaurant.fr\/"},{"@type":"ListItem","position":2,"name":"\u00c0 propos"}]}]}},"_links":{"self":[{"href":"https:\/\/lecarrefour-restaurant.fr\/index.php?rest_route=\/wp\/v2\/pages\/52"}],"collection":[{"href":"https:\/\/lecarrefour-restaurant.fr\/index.php?rest_route=\/wp\/v2\/pages"}],"about":[{"href":"https:\/\/lecarrefour-restaurant.fr\/index.php?rest_route=\/wp\/v2\/types\/page"}],"author":[{"embeddable":true,"href":"https:\/\/lecarrefour-restaurant.fr\/index.php?rest_route=\/wp\/v2\/users\/1"}],"replies":[{"embeddable":true,"href":"https:\/\/lecarrefour-restaurant.fr\/index.php?rest_route=%2Fwp%2Fv2%2Fcomments&post=52"}],"version-history":[{"count":19,"href":"https:\/\/lecarrefour-restaurant.fr\/index.php?rest_route=\/wp\/v2\/pages\/52\/revisions"}],"predecessor-version":[{"id":336,"href":"https:\/\/lecarrefour-restaurant.fr\/index.php?rest_route=\/wp\/v2\/pages\/52\/revisions\/336"}],"wp:attachment":[{"href":"https:\/\/lecarrefour-restaurant.fr\/index.php?rest_route=%2Fwp%2Fv2%2Fmedia&parent=52"}],"curies":[{"name":"wp","href":"https:\/\/api.w.org\/{rel}","templated":true}]}}