{"id":6,"date":"2021-04-07T14:43:56","date_gmt":"2021-04-07T12:43:56","guid":{"rendered":"http:\/\/lecarrefour-restaurant.fr\/?page_id=6"},"modified":"2021-07-30T18:59:04","modified_gmt":"2021-07-30T16:59:04","slug":"restaurant-le-carrefour-a-courbevoie-01-40-88-35-84","status":"publish","type":"page","link":"https:\/\/lecarrefour-restaurant.fr\/","title":{"rendered":"Le Carrefour"},"content":{"rendered":"\n<h1 class=\"has-text-align-center has-accent-color has-text-color has-larger-font-size\"><strong>&#8211; Brasserie &#8211; Caf\u00e9 &#8211; Bar &#8211;<\/strong><\/h1>\n\n\n\n<h4 class=\"has-text-align-center has-large-font-size\">Restauration familiale dans un cadre convivial<\/h4>\n\n\n\n<figure class=\"wp-block-image size-large is-style-default\"><img loading=\"lazy\" width=\"1024\" height=\"493\" src=\"http:\/\/lecarrefour-restaurant.fr\/wp-content\/uploads\/2021\/07\/MEA-Formules-1-1024x493.png\" alt=\"\" class=\"wp-image-242\" srcset=\"https:\/\/lecarrefour-restaurant.fr\/wp-content\/uploads\/2021\/07\/MEA-Formules-1-1024x493.png 1024w, https:\/\/lecarrefour-restaurant.fr\/wp-content\/uploads\/2021\/07\/MEA-Formules-1-300x144.png 300w, https:\/\/lecarrefour-restaurant.fr\/wp-content\/uploads\/2021\/07\/MEA-Formules-1-768x370.png 768w, https:\/\/lecarrefour-restaurant.fr\/wp-content\/uploads\/2021\/07\/MEA-Formules-1-1200x578.png 1200w, https:\/\/lecarrefour-restaurant.fr\/wp-content\/uploads\/2021\/07\/MEA-Formules-1.png 1350w\" sizes=\"(max-width: 1024px) 100vw, 1024px\" \/><\/figure>\n\n\n\n<figure class=\"wp-block-gallery columns-3 is-cropped\"><ul class=\"blocks-gallery-grid\"><li class=\"blocks-gallery-item\"><figure><img loading=\"lazy\" width=\"1024\" height=\"682\" src=\"http:\/\/lecarrefour-restaurant.fr\/wp-content\/uploads\/2021\/04\/blanquette-1024x682.jpg\" alt=\"\" data-id=\"124\" data-link=\"http:\/\/lecarrefour-restaurant.fr\/?attachment_id=124\" class=\"wp-image-124\" srcset=\"https:\/\/lecarrefour-restaurant.fr\/wp-content\/uploads\/2021\/04\/blanquette-1024x682.jpg 1024w, https:\/\/lecarrefour-restaurant.fr\/wp-content\/uploads\/2021\/04\/blanquette-300x200.jpg 300w, https:\/\/lecarrefour-restaurant.fr\/wp-content\/uploads\/2021\/04\/blanquette-768x512.jpg 768w, https:\/\/lecarrefour-restaurant.fr\/wp-content\/uploads\/2021\/04\/blanquette.jpg 1124w\" sizes=\"(max-width: 1024px) 100vw, 1024px\" \/><\/figure><\/li><li class=\"blocks-gallery-item\"><figure><img loading=\"lazy\" width=\"355\" height=\"184\" src=\"http:\/\/lecarrefour-restaurant.fr\/wp-content\/uploads\/2021\/04\/tartare-1.png\" alt=\"\" data-id=\"132\" data-link=\"http:\/\/lecarrefour-restaurant.fr\/?attachment_id=132\" class=\"wp-image-132\" srcset=\"https:\/\/lecarrefour-restaurant.fr\/wp-content\/uploads\/2021\/04\/tartare-1.png 355w, https:\/\/lecarrefour-restaurant.fr\/wp-content\/uploads\/2021\/04\/tartare-1-300x155.png 300w\" sizes=\"(max-width: 355px) 100vw, 355px\" \/><\/figure><\/li><li class=\"blocks-gallery-item\"><figure><img loading=\"lazy\" width=\"750\" height=\"540\" src=\"http:\/\/lecarrefour-restaurant.fr\/wp-content\/uploads\/2021\/04\/salade-nicoise.jpg\" alt=\"\" data-id=\"135\" data-full-url=\"http:\/\/lecarrefour-restaurant.fr\/wp-content\/uploads\/2021\/04\/salade-nicoise.jpg\" data-link=\"http:\/\/lecarrefour-restaurant.fr\/?attachment_id=135\" class=\"wp-image-135\" srcset=\"https:\/\/lecarrefour-restaurant.fr\/wp-content\/uploads\/2021\/04\/salade-nicoise.jpg 750w, https:\/\/lecarrefour-restaurant.fr\/wp-content\/uploads\/2021\/04\/salade-nicoise-300x216.jpg 300w\" sizes=\"(max-width: 750px) 100vw, 750px\" \/><\/figure><\/li><li class=\"blocks-gallery-item\"><figure><img loading=\"lazy\" width=\"400\" height=\"400\" src=\"http:\/\/lecarrefour-restaurant.fr\/wp-content\/uploads\/2021\/04\/tiramisu.jpg\" alt=\"\" data-id=\"133\" data-link=\"http:\/\/lecarrefour-restaurant.fr\/?attachment_id=133\" class=\"wp-image-133\" srcset=\"https:\/\/lecarrefour-restaurant.fr\/wp-content\/uploads\/2021\/04\/tiramisu.jpg 400w, https:\/\/lecarrefour-restaurant.fr\/wp-content\/uploads\/2021\/04\/tiramisu-300x300.jpg 300w, https:\/\/lecarrefour-restaurant.fr\/wp-content\/uploads\/2021\/04\/tiramisu-150x150.jpg 150w\" sizes=\"(max-width: 400px) 100vw, 400px\" \/><\/figure><\/li><li class=\"blocks-gallery-item\"><figure><img loading=\"lazy\" width=\"852\" height=\"907\" src=\"http:\/\/lecarrefour-restaurant.fr\/wp-content\/uploads\/2021\/04\/Boeuf-Bourguignon.png\" alt=\"\" data-id=\"125\" data-link=\"http:\/\/lecarrefour-restaurant.fr\/?attachment_id=125\" class=\"wp-image-125\" srcset=\"https:\/\/lecarrefour-restaurant.fr\/wp-content\/uploads\/2021\/04\/Boeuf-Bourguignon.png 852w, https:\/\/lecarrefour-restaurant.fr\/wp-content\/uploads\/2021\/04\/Boeuf-Bourguignon-282x300.png 282w, https:\/\/lecarrefour-restaurant.fr\/wp-content\/uploads\/2021\/04\/Boeuf-Bourguignon-768x818.png 768w\" sizes=\"(max-width: 852px) 100vw, 852px\" \/><\/figure><\/li><li class=\"blocks-gallery-item\"><figure><img loading=\"lazy\" width=\"1024\" height=\"719\" src=\"http:\/\/lecarrefour-restaurant.fr\/wp-content\/uploads\/2021\/04\/creme-caramel-1024x719.jpg\" alt=\"\" data-id=\"134\" data-link=\"http:\/\/lecarrefour-restaurant.fr\/?attachment_id=134\" class=\"wp-image-134\" srcset=\"https:\/\/lecarrefour-restaurant.fr\/wp-content\/uploads\/2021\/04\/creme-caramel-1024x719.jpg 1024w, https:\/\/lecarrefour-restaurant.fr\/wp-content\/uploads\/2021\/04\/creme-caramel-300x211.jpg 300w, https:\/\/lecarrefour-restaurant.fr\/wp-content\/uploads\/2021\/04\/creme-caramel-768x539.jpg 768w, https:\/\/lecarrefour-restaurant.fr\/wp-content\/uploads\/2021\/04\/creme-caramel.jpg 1200w\" sizes=\"(max-width: 1024px) 100vw, 1024px\" \/><\/figure><\/li><li class=\"blocks-gallery-item\"><figure><img loading=\"lazy\" width=\"624\" height=\"320\" src=\"http:\/\/lecarrefour-restaurant.fr\/wp-content\/uploads\/2021\/04\/quiche.jpg\" alt=\"\" data-id=\"128\" data-link=\"http:\/\/lecarrefour-restaurant.fr\/?attachment_id=128\" class=\"wp-image-128\" srcset=\"https:\/\/lecarrefour-restaurant.fr\/wp-content\/uploads\/2021\/04\/quiche.jpg 624w, https:\/\/lecarrefour-restaurant.fr\/wp-content\/uploads\/2021\/04\/quiche-300x154.jpg 300w\" sizes=\"(max-width: 624px) 100vw, 624px\" \/><\/figure><\/li><li class=\"blocks-gallery-item\"><figure><img loading=\"lazy\" width=\"960\" height=\"640\" src=\"http:\/\/lecarrefour-restaurant.fr\/wp-content\/uploads\/2021\/04\/omelette.jpg\" alt=\"\" data-id=\"127\" data-link=\"http:\/\/lecarrefour-restaurant.fr\/?attachment_id=127\" class=\"wp-image-127\" srcset=\"https:\/\/lecarrefour-restaurant.fr\/wp-content\/uploads\/2021\/04\/omelette.jpg 960w, https:\/\/lecarrefour-restaurant.fr\/wp-content\/uploads\/2021\/04\/omelette-300x200.jpg 300w, https:\/\/lecarrefour-restaurant.fr\/wp-content\/uploads\/2021\/04\/omelette-768x512.jpg 768w\" sizes=\"(max-width: 960px) 100vw, 960px\" \/><\/figure><\/li><li class=\"blocks-gallery-item\"><figure><img loading=\"lazy\" width=\"550\" height=\"413\" src=\"http:\/\/lecarrefour-restaurant.fr\/wp-content\/uploads\/2021\/04\/entrecote-frites.jpg\" alt=\"\" data-id=\"126\" data-link=\"http:\/\/lecarrefour-restaurant.fr\/?attachment_id=126\" class=\"wp-image-126\" srcset=\"https:\/\/lecarrefour-restaurant.fr\/wp-content\/uploads\/2021\/04\/entrecote-frites.jpg 550w, https:\/\/lecarrefour-restaurant.fr\/wp-content\/uploads\/2021\/04\/entrecote-frites-300x225.jpg 300w\" sizes=\"(max-width: 550px) 100vw, 550px\" \/><\/figure><\/li><\/ul><\/figure>\n\n\n\n<h4 class=\"has-text-align-center has-large-font-size\">La convivialit\u00e9 dans l&#8217;assiette et le verre!<\/h4>\n\n\n\n<div class=\"wp-block-columns\">\n<div class=\"wp-block-column\">\n<figure class=\"wp-block-image size-large is-style-default\"><a href=\"http:\/\/lecarrefour-restaurant.fr\/?page_id=50\"><img loading=\"lazy\" width=\"827\" height=\"591\" src=\"http:\/\/lecarrefour-restaurant.fr\/wp-content\/uploads\/2021\/04\/Menu-4.png\" alt=\"\" class=\"wp-image-118\" srcset=\"https:\/\/lecarrefour-restaurant.fr\/wp-content\/uploads\/2021\/04\/Menu-4.png 827w, https:\/\/lecarrefour-restaurant.fr\/wp-content\/uploads\/2021\/04\/Menu-4-300x214.png 300w, https:\/\/lecarrefour-restaurant.fr\/wp-content\/uploads\/2021\/04\/Menu-4-768x549.png 768w\" sizes=\"(max-width: 827px) 100vw, 827px\" \/><\/a><figcaption><span class=\"has-inline-color has-accent-color\"><strong>&#8211;     LA BRASSERIE     &#8211;<\/strong><\/span><\/figcaption><\/figure>\n<\/div>\n\n\n\n<div class=\"wp-block-column\">\n<figure class=\"wp-block-image size-large is-style-default\"><a href=\"http:\/\/lecarrefour-restaurant.fr\/?page_id=50\"><img loading=\"lazy\" width=\"827\" height=\"591\" src=\"http:\/\/lecarrefour-restaurant.fr\/wp-content\/uploads\/2021\/04\/Picto-Formules-1.png\" alt=\"\" class=\"wp-image-120\" srcset=\"https:\/\/lecarrefour-restaurant.fr\/wp-content\/uploads\/2021\/04\/Picto-Formules-1.png 827w, https:\/\/lecarrefour-restaurant.fr\/wp-content\/uploads\/2021\/04\/Picto-Formules-1-300x214.png 300w, https:\/\/lecarrefour-restaurant.fr\/wp-content\/uploads\/2021\/04\/Picto-Formules-1-768x549.png 768w\" sizes=\"(max-width: 827px) 100vw, 827px\" \/><\/a><figcaption> <strong><span class=\"has-inline-color has-accent-color\">&#8211;        LES FORMULES   <\/span>   <span class=\"has-inline-color has-accent-color\">&#8211;<\/span><\/strong><\/figcaption><\/figure>\n<\/div>\n\n\n\n<div class=\"wp-block-column\">\n<figure class=\"wp-block-image size-large is-style-default\"><a href=\"http:\/\/lecarrefour-restaurant.fr\/?page_id=50\"><img loading=\"lazy\" width=\"827\" height=\"591\" src=\"http:\/\/lecarrefour-restaurant.fr\/wp-content\/uploads\/2021\/04\/Picto-Boissons-3.png\" alt=\"\" class=\"wp-image-121\" srcset=\"https:\/\/lecarrefour-restaurant.fr\/wp-content\/uploads\/2021\/04\/Picto-Boissons-3.png 827w, https:\/\/lecarrefour-restaurant.fr\/wp-content\/uploads\/2021\/04\/Picto-Boissons-3-300x214.png 300w, https:\/\/lecarrefour-restaurant.fr\/wp-content\/uploads\/2021\/04\/Picto-Boissons-3-768x549.png 768w\" sizes=\"(max-width: 827px) 100vw, 827px\" \/><\/a><figcaption><span class=\"has-inline-color has-accent-color\"><strong>&#8211;     VINS &amp; BOISSONS     &#8211;<\/strong><\/span><\/figcaption><\/figure>\n<\/div>\n<\/div>\n\n\n\n<figure class=\"wp-block-image size-full is-resized is-style-default\"><img loading=\"lazy\" src=\"http:\/\/lecarrefour-restaurant.fr\/wp-content\/uploads\/2021\/07\/avis-carrefour-arnaud-3.png\" alt=\"\" class=\"wp-image-253\" width=\"611\" height=\"114\" srcset=\"https:\/\/lecarrefour-restaurant.fr\/wp-content\/uploads\/2021\/07\/avis-carrefour-arnaud-3.png 799w, https:\/\/lecarrefour-restaurant.fr\/wp-content\/uploads\/2021\/07\/avis-carrefour-arnaud-3-300x56.png 300w, https:\/\/lecarrefour-restaurant.fr\/wp-content\/uploads\/2021\/07\/avis-carrefour-arnaud-3-768x144.png 768w\" sizes=\"(max-width: 611px) 100vw, 611px\" \/><\/figure>\n\n\n\n<blockquote class=\"wp-block-quote has-text-align-left\"><p>J&#8217;adore le midi y rejoindre mon mari et ses coll\u00e8gues, qui comme beaucoup ont leurs bureaux dans le coin. On est toujours tr\u00e8s bien re\u00e7us par Kader, et son chef sert rapidement de super plats sans mani\u00e8res, mais faits maison, \u00e0 prix mini! H\u00e2te de la fin du Covid pour y retourner!<\/p><cite>Sol\u00e8ne &#8211; Avis Google &#8211; (merci \u00e0 toi Sol\u00e8ne, h\u00e2te de vous retrouver aussi!)<\/cite><\/blockquote>\n\n\n\n<figure class=\"wp-block-image size-full is-resized is-style-default\"><img loading=\"lazy\" src=\"http:\/\/lecarrefour-restaurant.fr\/wp-content\/uploads\/2021\/07\/jessica-1.png\" alt=\"\" class=\"wp-image-263\" width=\"608\" height=\"106\"\/><\/figure>\n\n\n\n<figure class=\"wp-block-image size-full is-resized is-style-default\"><img loading=\"lazy\" src=\"http:\/\/lecarrefour-restaurant.fr\/wp-content\/uploads\/2021\/07\/edouard.png\" alt=\"\" class=\"wp-image-265\" width=\"616\" height=\"111\" srcset=\"https:\/\/lecarrefour-restaurant.fr\/wp-content\/uploads\/2021\/07\/edouard.png 800w, https:\/\/lecarrefour-restaurant.fr\/wp-content\/uploads\/2021\/07\/edouard-300x54.png 300w, https:\/\/lecarrefour-restaurant.fr\/wp-content\/uploads\/2021\/07\/edouard-768x139.png 768w\" sizes=\"(max-width: 616px) 100vw, 616px\" \/><\/figure>\n\n\n\n<figure class=\"wp-block-image size-full is-style-default\"><img loading=\"lazy\" width=\"815\" height=\"166\" src=\"http:\/\/lecarrefour-restaurant.fr\/wp-content\/uploads\/2021\/07\/Christian.png\" alt=\"\" class=\"wp-image-257\" srcset=\"https:\/\/lecarrefour-restaurant.fr\/wp-content\/uploads\/2021\/07\/Christian.png 815w, https:\/\/lecarrefour-restaurant.fr\/wp-content\/uploads\/2021\/07\/Christian-300x61.png 300w, https:\/\/lecarrefour-restaurant.fr\/wp-content\/uploads\/2021\/07\/Christian-768x156.png 768w\" sizes=\"(max-width: 815px) 100vw, 815px\" \/><\/figure>\n\n\n\n<figure class=\"wp-block-image size-full is-style-default\"><img loading=\"lazy\" width=\"815\" height=\"147\" src=\"http:\/\/lecarrefour-restaurant.fr\/wp-content\/uploads\/2021\/07\/stephane.png\" alt=\"\" class=\"wp-image-262\" srcset=\"https:\/\/lecarrefour-restaurant.fr\/wp-content\/uploads\/2021\/07\/stephane.png 815w, https:\/\/lecarrefour-restaurant.fr\/wp-content\/uploads\/2021\/07\/stephane-300x54.png 300w, https:\/\/lecarrefour-restaurant.fr\/wp-content\/uploads\/2021\/07\/stephane-768x139.png 768w\" sizes=\"(max-width: 815px) 100vw, 815px\" \/><\/figure>\n\n\n\n<figure class=\"wp-block-image size-full is-style-default\"><img loading=\"lazy\" width=\"809\" height=\"149\" src=\"http:\/\/lecarrefour-restaurant.fr\/wp-content\/uploads\/2021\/07\/JC.png\" alt=\"\" class=\"wp-image-264\" srcset=\"https:\/\/lecarrefour-restaurant.fr\/wp-content\/uploads\/2021\/07\/JC.png 809w, https:\/\/lecarrefour-restaurant.fr\/wp-content\/uploads\/2021\/07\/JC-300x55.png 300w, https:\/\/lecarrefour-restaurant.fr\/wp-content\/uploads\/2021\/07\/JC-768x141.png 768w\" sizes=\"(max-width: 809px) 100vw, 809px\" \/><\/figure>\n\n\n\n<figure class=\"wp-block-image size-full is-style-default\"><img loading=\"lazy\" width=\"816\" height=\"135\" src=\"http:\/\/lecarrefour-restaurant.fr\/wp-content\/uploads\/2021\/07\/bom-3.png\" alt=\"\" class=\"wp-image-261\" srcset=\"https:\/\/lecarrefour-restaurant.fr\/wp-content\/uploads\/2021\/07\/bom-3.png 816w, https:\/\/lecarrefour-restaurant.fr\/wp-content\/uploads\/2021\/07\/bom-3-300x50.png 300w, https:\/\/lecarrefour-restaurant.fr\/wp-content\/uploads\/2021\/07\/bom-3-768x127.png 768w\" sizes=\"(max-width: 816px) 100vw, 816px\" \/><\/figure>\n\n\n\n<figure class=\"wp-block-image size-full is-style-default\"><img loading=\"lazy\" width=\"816\" height=\"131\" src=\"http:\/\/lecarrefour-restaurant.fr\/wp-content\/uploads\/2021\/07\/mehdi.png\" alt=\"\" class=\"wp-image-256\" srcset=\"https:\/\/lecarrefour-restaurant.fr\/wp-content\/uploads\/2021\/07\/mehdi.png 816w, https:\/\/lecarrefour-restaurant.fr\/wp-content\/uploads\/2021\/07\/mehdi-300x48.png 300w, https:\/\/lecarrefour-restaurant.fr\/wp-content\/uploads\/2021\/07\/mehdi-768x123.png 768w\" sizes=\"(max-width: 816px) 100vw, 816px\" \/><\/figure>\n\n\n\n<figure class=\"wp-block-image size-large is-style-default\"><img loading=\"lazy\" width=\"1024\" height=\"493\" src=\"http:\/\/lecarrefour-restaurant.fr\/wp-content\/uploads\/2021\/07\/Horaires-ouverture-3-1024x493.png\" alt=\"\" class=\"wp-image-273\" srcset=\"https:\/\/lecarrefour-restaurant.fr\/wp-content\/uploads\/2021\/07\/Horaires-ouverture-3-1024x493.png 1024w, https:\/\/lecarrefour-restaurant.fr\/wp-content\/uploads\/2021\/07\/Horaires-ouverture-3-300x144.png 300w, https:\/\/lecarrefour-restaurant.fr\/wp-content\/uploads\/2021\/07\/Horaires-ouverture-3-768x370.png 768w, https:\/\/lecarrefour-restaurant.fr\/wp-content\/uploads\/2021\/07\/Horaires-ouverture-3-1200x578.png 1200w, https:\/\/lecarrefour-restaurant.fr\/wp-content\/uploads\/2021\/07\/Horaires-ouverture-3.png 1350w\" sizes=\"(max-width: 1024px) 100vw, 1024px\" \/><\/figure>\n\n\n\n<iframe src=\"https:\/\/www.google.com\/maps\/embed?pb=!1m14!1m8!1m3!1d10490.610930679619!2d2.2558476!3d48.902955!3m2!1i1024!2i768!4f13.1!3m3!1m2!1s0x0%3A0x3728c8ff834e960c!2sLe%20Carrefour!5e0!3m2!1sfr!2sfr!4v1627652496480!5m2!1sfr!2sfr\" style=\"border:0;\" allowfullscreen=\"\" loading=\"lazy\" width=\"600\" height=\"450\"><\/iframe>\n","protected":false},"excerpt":{"rendered":"<p>&#8211; Brasserie &#8211; Caf\u00e9 &#8211; Bar &#8211; Restauration familiale dans un cadre convivial La convivialit\u00e9 dans l&#8217;assiette et le verre! J&#8217;adore le midi y rejoindre mon mari et ses coll\u00e8gues, qui comme beaucoup ont leurs bureaux dans le coin. On est toujours tr\u00e8s bien re\u00e7us par Kader, et son chef sert rapidement de super plats [&hellip;]<\/p>\n","protected":false},"author":1,"featured_media":0,"parent":0,"menu_order":0,"comment_status":"closed","ping_status":"closed","template":"","meta":[],"yoast_head":"<!-- This site is optimized with the Yoast SEO plugin v16.8 - https:\/\/yoast.com\/wordpress\/plugins\/seo\/ -->\n<title>Le Carrefour - Le Carrefour restaurant<\/title>\n<meta name=\"description\" content=\"Restaurant traditionnel avec une cuisine 100% faite maison. Nous vous accueillons pour d\u00e9jeuner tous les jours de la semaine.\" \/>\n<meta name=\"robots\" content=\"index, follow, max-snippet:-1, max-image-preview:large, max-video-preview:-1\" \/>\n<link rel=\"canonical\" href=\"https:\/\/lecarrefour-restaurant.fr\/\" \/>\n<meta property=\"og:locale\" content=\"en_US\" \/>\n<meta property=\"og:type\" content=\"article\" \/>\n<meta property=\"og:title\" content=\"Restaurant le Carrefour \u00e0 Courbevoie 01 40 88 35 84\" \/>\n<meta property=\"og:description\" content=\"Restaurant traditionnel avec une cuisine 100% faite maison. Nous vous accueillons pour d\u00e9jeuner tous les jours de la semaine.\" \/>\n<meta property=\"og:url\" content=\"https:\/\/lecarrefour-restaurant.fr\/\" \/>\n<meta property=\"og:site_name\" content=\"Le Carrefour restaurant\" \/>\n<meta property=\"article:modified_time\" content=\"2021-07-30T16:59:04+00:00\" \/>\n<meta property=\"og:image\" content=\"http:\/\/lecarrefour-restaurant.fr\/wp-content\/uploads\/2021\/07\/MEA-Formules-1-1024x493.png\" \/>\n<meta name=\"twitter:card\" content=\"summary_large_image\" \/>\n<meta name=\"twitter:label1\" content=\"Est. reading time\" \/>\n\t<meta name=\"twitter:data1\" content=\"5 minutes\" \/>\n<script type=\"application\/ld+json\" class=\"yoast-schema-graph\">{\"@context\":\"https:\/\/schema.org\",\"@graph\":[{\"@type\":\"WebSite\",\"@id\":\"https:\/\/lecarrefour-restaurant.fr\/#website\",\"url\":\"https:\/\/lecarrefour-restaurant.fr\/\",\"name\":\"Le Carrefour restaurant\",\"description\":\"91 rue de Colombes - 92400 Courbevoie - 01.40.88.35.84\",\"potentialAction\":[{\"@type\":\"SearchAction\",\"target\":{\"@type\":\"EntryPoint\",\"urlTemplate\":\"https:\/\/lecarrefour-restaurant.fr\/?s={search_term_string}\"},\"query-input\":\"required name=search_term_string\"}],\"inLanguage\":\"en-US\"},{\"@type\":\"ImageObject\",\"@id\":\"https:\/\/lecarrefour-restaurant.fr\/#primaryimage\",\"inLanguage\":\"en-US\",\"url\":\"http:\/\/lecarrefour-restaurant.fr\/wp-content\/uploads\/2021\/07\/MEA-Formules-1-1024x493.png\",\"contentUrl\":\"http:\/\/lecarrefour-restaurant.fr\/wp-content\/uploads\/2021\/07\/MEA-Formules-1-1024x493.png\"},{\"@type\":\"WebPage\",\"@id\":\"https:\/\/lecarrefour-restaurant.fr\/#webpage\",\"url\":\"https:\/\/lecarrefour-restaurant.fr\/\",\"name\":\"Le Carrefour - Le Carrefour restaurant\",\"isPartOf\":{\"@id\":\"https:\/\/lecarrefour-restaurant.fr\/#website\"},\"primaryImageOfPage\":{\"@id\":\"https:\/\/lecarrefour-restaurant.fr\/#primaryimage\"},\"datePublished\":\"2021-04-07T12:43:56+00:00\",\"dateModified\":\"2021-07-30T16:59:04+00:00\",\"description\":\"Restaurant traditionnel avec une cuisine 100% faite maison. Nous vous accueillons pour d\\u00e9jeuner tous les jours de la semaine.\",\"breadcrumb\":{\"@id\":\"https:\/\/lecarrefour-restaurant.fr\/#breadcrumb\"},\"inLanguage\":\"en-US\",\"potentialAction\":[{\"@type\":\"ReadAction\",\"target\":[\"https:\/\/lecarrefour-restaurant.fr\/\"]}]},{\"@type\":\"BreadcrumbList\",\"@id\":\"https:\/\/lecarrefour-restaurant.fr\/#breadcrumb\",\"itemListElement\":[{\"@type\":\"ListItem\",\"position\":1,\"name\":\"Home\",\"item\":\"https:\/\/lecarrefour-restaurant.fr\/\"},{\"@type\":\"ListItem\",\"position\":2,\"name\":\"Le Carrefour\"}]}]}<\/script>\n<!-- \/ Yoast SEO plugin. -->","yoast_head_json":{"title":"Le Carrefour - Le Carrefour restaurant","description":"Restaurant traditionnel avec une cuisine 100% faite maison. Nous vous accueillons pour d\u00e9jeuner tous les jours de la semaine.","robots":{"index":"index","follow":"follow","max-snippet":"max-snippet:-1","max-image-preview":"max-image-preview:large","max-video-preview":"max-video-preview:-1"},"canonical":"https:\/\/lecarrefour-restaurant.fr\/","og_locale":"en_US","og_type":"article","og_title":"Restaurant le Carrefour \u00e0 Courbevoie 01 40 88 35 84","og_description":"Restaurant traditionnel avec une cuisine 100% faite maison. Nous vous accueillons pour d\u00e9jeuner tous les jours de la semaine.","og_url":"https:\/\/lecarrefour-restaurant.fr\/","og_site_name":"Le Carrefour restaurant","article_modified_time":"2021-07-30T16:59:04+00:00","og_image":[{"url":"http:\/\/lecarrefour-restaurant.fr\/wp-content\/uploads\/2021\/07\/MEA-Formules-1-1024x493.png"}],"twitter_card":"summary_large_image","twitter_misc":{"Est. reading time":"5 minutes"},"schema":{"@context":"https:\/\/schema.org","@graph":[{"@type":"WebSite","@id":"https:\/\/lecarrefour-restaurant.fr\/#website","url":"https:\/\/lecarrefour-restaurant.fr\/","name":"Le Carrefour restaurant","description":"91 rue de Colombes - 92400 Courbevoie - 01.40.88.35.84","potentialAction":[{"@type":"SearchAction","target":{"@type":"EntryPoint","urlTemplate":"https:\/\/lecarrefour-restaurant.fr\/?s={search_term_string}"},"query-input":"required name=search_term_string"}],"inLanguage":"en-US"},{"@type":"ImageObject","@id":"https:\/\/lecarrefour-restaurant.fr\/#primaryimage","inLanguage":"en-US","url":"http:\/\/lecarrefour-restaurant.fr\/wp-content\/uploads\/2021\/07\/MEA-Formules-1-1024x493.png","contentUrl":"http:\/\/lecarrefour-restaurant.fr\/wp-content\/uploads\/2021\/07\/MEA-Formules-1-1024x493.png"},{"@type":"WebPage","@id":"https:\/\/lecarrefour-restaurant.fr\/#webpage","url":"https:\/\/lecarrefour-restaurant.fr\/","name":"Le Carrefour - Le Carrefour restaurant","isPartOf":{"@id":"https:\/\/lecarrefour-restaurant.fr\/#website"},"primaryImageOfPage":{"@id":"https:\/\/lecarrefour-restaurant.fr\/#primaryimage"},"datePublished":"2021-04-07T12:43:56+00:00","dateModified":"2021-07-30T16:59:04+00:00","description":"Restaurant traditionnel avec une cuisine 100% faite maison. Nous vous accueillons pour d\u00e9jeuner tous les jours de la semaine.","breadcrumb":{"@id":"https:\/\/lecarrefour-restaurant.fr\/#breadcrumb"},"inLanguage":"en-US","potentialAction":[{"@type":"ReadAction","target":["https:\/\/lecarrefour-restaurant.fr\/"]}]},{"@type":"BreadcrumbList","@id":"https:\/\/lecarrefour-restaurant.fr\/#breadcrumb","itemListElement":[{"@type":"ListItem","position":1,"name":"Home","item":"https:\/\/lecarrefour-restaurant.fr\/"},{"@type":"ListItem","position":2,"name":"Le Carrefour"}]}]}},"_links":{"self":[{"href":"https:\/\/lecarrefour-restaurant.fr\/index.php?rest_route=\/wp\/v2\/pages\/6"}],"collection":[{"href":"https:\/\/lecarrefour-restaurant.fr\/index.php?rest_route=\/wp\/v2\/pages"}],"about":[{"href":"https:\/\/lecarrefour-restaurant.fr\/index.php?rest_route=\/wp\/v2\/types\/page"}],"author":[{"embeddable":true,"href":"https:\/\/lecarrefour-restaurant.fr\/index.php?rest_route=\/wp\/v2\/users\/1"}],"replies":[{"embeddable":true,"href":"https:\/\/lecarrefour-restaurant.fr\/index.php?rest_route=%2Fwp%2Fv2%2Fcomments&post=6"}],"version-history":[{"count":53,"href":"https:\/\/lecarrefour-restaurant.fr\/index.php?rest_route=\/wp\/v2\/pages\/6\/revisions"}],"predecessor-version":[{"id":342,"href":"https:\/\/lecarrefour-restaurant.fr\/index.php?rest_route=\/wp\/v2\/pages\/6\/revisions\/342"}],"wp:attachment":[{"href":"https:\/\/lecarrefour-restaurant.fr\/index.php?rest_route=%2Fwp%2Fv2%2Fmedia&parent=6"}],"curies":[{"name":"wp","href":"https:\/\/api.w.org\/{rel}","templated":true}]}}